{"id":103,"date":"2015-08-06T08:32:33","date_gmt":"2015-08-06T06:32:33","guid":{"rendered":"http:\/\/www.castelldeflorejacs.com\/?page_id=103"},"modified":"2022-12-04T23:17:47","modified_gmt":"2022-12-04T21:17:47","slug":"espais","status":"publish","type":"page","link":"https:\/\/www.castelldeflorejacs.com\/index.php\/serveis\/espais\/","title":{"rendered":"Espais"},"content":{"rendered":"<p><\/p>\n\n\n<p><\/p>\n\n\n<p><\/p>\n<p>**<strong>ACTUALITZACI\u00d3 DESEMBRE 2022:<\/strong> EN AQUESTS MOMENTS, CANVIS EN L&#8217;ESTRUCTURA DE LA SOCIETAT HAN FET QUE ES PAUSIN DIVERSOS ESDEVENIMENTS I ALTRES SERVEIS COM EL LLOGUER D&#8217;ESPAIS. <strong>LES VISITES SEGUEIXEN ACTIVES.<\/strong> LA WEB SER\u00c0 ACTUALITZADA PROPERAMENT.<\/p>\n<p> <\/p>\n<p>PER QUALSEVOL CONSULTA PODEU DIRIGIR-VOS AL CORREU DE CONTACTE: info@castelldeflorejacs.com<\/p>\n<p><\/p>\n<p>\u00a0<\/p>\n<p>Posem a la teva disposici\u00f3 tots els espais perqu\u00e8 en facis l&#8217;\u00fas professional o personal que necessitis a preus raonables. L&#8217;ambientaci\u00f3 \u00e9s ideal per harmonitzar els cinc sentits. <strong>Ens adaptem a la teva idea i al teu pressupost!<\/strong><\/p>\n<p>ESPAIS DISPONIBLES<\/p>\n<ul>\n<li>Per a la formaci\u00f3: idiomes, empresa, tallers&#8230;<\/li>\n<li>Per a esdeveniments: bodes, batejos, comunions, aniversaris, reunions d&#8217;empresa&#8230;<\/li>\n<li>Per a exposicions: pintura, escultura, fotografia&#8230;<\/li>\n<li>Com a escenari: confer\u00e8ncies, concerts, teatre, anuncis, pel\u00b7l\u00edcules, reportatges, enregistraments&#8230;<\/li>\n<\/ul>\n\n\t\t<style type=\"text\/css\">\n\t\t\t#gallery-1 {\n\t\t\t\tmargin: auto;\n\t\t\t}\n\t\t\t#gallery-1 .gallery-item {\n\t\t\t\tfloat: left;\n\t\t\t\tmargin-top: 10px;\n\t\t\t\ttext-align: center;\n\t\t\t\twidth: 33%;\n\t\t\t}\n\t\t\t#gallery-1 img {\n\t\t\t\tborder: 2px solid #cfcfcf;\n\t\t\t}\n\t\t\t#gallery-1 .gallery-caption {\n\t\t\t\tmargin-left: 0;\n\t\t\t}\n\t\t\t\/* see gallery_shortcode() in wp-includes\/media.php *\/\n\t\t<\/style>\n\t\t<div id='gallery-1' class='gallery galleryid-103 gallery-columns-3 gallery-size-thumbnail'><dl class='gallery-item'>\n\t\t\t<dt class='gallery-icon landscape'>\n\t\t\t\t<a href='https:\/\/www.castelldeflorejacs.com\/index.php\/serveis\/espais\/castell-de-florejacs\/'><img width=\"150\" height=\"150\" src=\"https:\/\/www.castelldeflorejacs.com\/wp-content\/uploads\/2015\/08\/Castell-de-Florejacs-150x150.jpg\" class=\"attachment-thumbnail size-thumbnail\" alt=\"\" decoding=\"async\" loading=\"lazy\" \/><\/a>\n\t\t\t<\/dt><\/dl><dl class='gallery-item'>\n\t\t\t<dt class='gallery-icon landscape'>\n\t\t\t\t<a href='https:\/\/www.castelldeflorejacs.com\/index.php\/serveis\/espais\/cuina\/'><img width=\"150\" height=\"150\" src=\"https:\/\/www.castelldeflorejacs.com\/wp-content\/uploads\/2015\/08\/Cuina-150x150.jpg\" class=\"attachment-thumbnail size-thumbnail\" alt=\"\" decoding=\"async\" loading=\"lazy\" \/><\/a>\n\t\t\t<\/dt><\/dl><dl class='gallery-item'>\n\t\t\t<dt class='gallery-icon landscape'>\n\t\t\t\t<a href='https:\/\/www.castelldeflorejacs.com\/index.php\/serveis\/espais\/entrada\/'><img width=\"150\" height=\"150\" src=\"https:\/\/www.castelldeflorejacs.com\/wp-content\/uploads\/2015\/08\/Entrada-150x150.jpg\" class=\"attachment-thumbnail size-thumbnail\" alt=\"\" decoding=\"async\" loading=\"lazy\" \/><\/a>\n\t\t\t<\/dt><\/dl><br style=\"clear: both\" \/><dl class='gallery-item'>\n\t\t\t<dt class='gallery-icon landscape'>\n\t\t\t\t<a href='https:\/\/www.castelldeflorejacs.com\/index.php\/serveis\/espais\/esglesia\/'><img width=\"150\" height=\"150\" src=\"https:\/\/www.castelldeflorejacs.com\/wp-content\/uploads\/2015\/08\/Esgl\u00e9sia-150x150.jpg\" class=\"attachment-thumbnail size-thumbnail\" alt=\"\" decoding=\"async\" loading=\"lazy\" \/><\/a>\n\t\t\t<\/dt><\/dl><dl class='gallery-item'>\n\t\t\t<dt class='gallery-icon landscape'>\n\t\t\t\t<a href='https:\/\/www.castelldeflorejacs.com\/index.php\/serveis\/espais\/florejacs\/'><img width=\"150\" height=\"150\" src=\"https:\/\/www.castelldeflorejacs.com\/wp-content\/uploads\/2015\/08\/Florejacs-150x150.jpg\" class=\"attachment-thumbnail size-thumbnail\" alt=\"\" decoding=\"async\" loading=\"lazy\" \/><\/a>\n\t\t\t<\/dt><\/dl><dl class='gallery-item'>\n\t\t\t<dt class='gallery-icon landscape'>\n\t\t\t\t<a href='https:\/\/www.castelldeflorejacs.com\/index.php\/serveis\/espais\/habitacio\/'><img width=\"150\" height=\"150\" src=\"https:\/\/www.castelldeflorejacs.com\/wp-content\/uploads\/2015\/08\/Habitaci\u00f3-150x150.jpg\" class=\"attachment-thumbnail size-thumbnail\" alt=\"\" decoding=\"async\" loading=\"lazy\" \/><\/a>\n\t\t\t<\/dt><\/dl><br style=\"clear: both\" \/><dl class='gallery-item'>\n\t\t\t<dt class='gallery-icon landscape'>\n\t\t\t\t<a href='https:\/\/www.castelldeflorejacs.com\/index.php\/serveis\/espais\/jardi\/'><img width=\"150\" height=\"150\" src=\"https:\/\/www.castelldeflorejacs.com\/wp-content\/uploads\/2015\/08\/Jard\u00ed-150x150.jpg\" class=\"attachment-thumbnail size-thumbnail\" alt=\"\" decoding=\"async\" loading=\"lazy\" \/><\/a>\n\t\t\t<\/dt><\/dl><dl class='gallery-item'>\n\t\t\t<dt class='gallery-icon landscape'>\n\t\t\t\t<a href='https:\/\/www.castelldeflorejacs.com\/index.php\/serveis\/espais\/menjador\/'><img width=\"150\" height=\"150\" src=\"https:\/\/www.castelldeflorejacs.com\/wp-content\/uploads\/2015\/08\/Menjador-150x150.jpg\" class=\"attachment-thumbnail size-thumbnail\" alt=\"\" decoding=\"async\" loading=\"lazy\" \/><\/a>\n\t\t\t<\/dt><\/dl><dl class='gallery-item'>\n\t\t\t<dt class='gallery-icon landscape'>\n\t\t\t\t<a href='https:\/\/www.castelldeflorejacs.com\/index.php\/serveis\/espais\/sala-1\/'><img width=\"150\" height=\"150\" src=\"https:\/\/www.castelldeflorejacs.com\/wp-content\/uploads\/2015\/08\/Sala-1-150x150.jpg\" class=\"attachment-thumbnail size-thumbnail\" alt=\"\" decoding=\"async\" loading=\"lazy\" \/><\/a>\n\t\t\t<\/dt><\/dl><br style=\"clear: both\" \/><dl class='gallery-item'>\n\t\t\t<dt class='gallery-icon landscape'>\n\t\t\t\t<a href='https:\/\/www.castelldeflorejacs.com\/index.php\/serveis\/espais\/sala-2\/'><img width=\"150\" height=\"150\" src=\"https:\/\/www.castelldeflorejacs.com\/wp-content\/uploads\/2015\/08\/Sala-2-150x150.jpg\" class=\"attachment-thumbnail size-thumbnail\" alt=\"\" decoding=\"async\" loading=\"lazy\" \/><\/a>\n\t\t\t<\/dt><\/dl><dl class='gallery-item'>\n\t\t\t<dt class='gallery-icon landscape'>\n\t\t\t\t<a href='https:\/\/www.castelldeflorejacs.com\/index.php\/serveis\/espais\/sala-3\/'><img width=\"150\" height=\"150\" src=\"https:\/\/www.castelldeflorejacs.com\/wp-content\/uploads\/2015\/08\/Sala-3-150x150.jpg\" class=\"attachment-thumbnail size-thumbnail\" alt=\"\" decoding=\"async\" loading=\"lazy\" \/><\/a>\n\t\t\t<\/dt><\/dl><dl class='gallery-item'>\n\t\t\t<dt class='gallery-icon landscape'>\n\t\t\t\t<a href='https:\/\/www.castelldeflorejacs.com\/index.php\/serveis\/espais\/sala-4\/'><img width=\"150\" height=\"150\" src=\"https:\/\/www.castelldeflorejacs.com\/wp-content\/uploads\/2015\/08\/Sala-4-150x150.jpg\" class=\"attachment-thumbnail size-thumbnail\" alt=\"\" decoding=\"async\" loading=\"lazy\" \/><\/a>\n\t\t\t<\/dt><\/dl><br style=\"clear: both\" \/><dl class='gallery-item'>\n\t\t\t<dt class='gallery-icon landscape'>\n\t\t\t\t<a href='https:\/\/www.castelldeflorejacs.com\/index.php\/serveis\/espais\/sala-5\/'><img width=\"150\" height=\"150\" src=\"https:\/\/www.castelldeflorejacs.com\/wp-content\/uploads\/2015\/08\/Sala-5-150x150.jpg\" class=\"attachment-thumbnail size-thumbnail\" alt=\"\" decoding=\"async\" loading=\"lazy\" \/><\/a>\n\t\t\t<\/dt><\/dl><dl class='gallery-item'>\n\t\t\t<dt class='gallery-icon landscape'>\n\t\t\t\t<a href='https:\/\/www.castelldeflorejacs.com\/index.php\/serveis\/espais\/sala-6\/'><img width=\"150\" height=\"150\" src=\"https:\/\/www.castelldeflorejacs.com\/wp-content\/uploads\/2015\/08\/Sala-6-150x150.jpg\" class=\"attachment-thumbnail size-thumbnail\" alt=\"\" decoding=\"async\" loading=\"lazy\" \/><\/a>\n\t\t\t<\/dt><\/dl><dl class='gallery-item'>\n\t\t\t<dt class='gallery-icon landscape'>\n\t\t\t\t<a href='https:\/\/www.castelldeflorejacs.com\/index.php\/serveis\/espais\/carrer\/'><img width=\"150\" height=\"150\" src=\"https:\/\/www.castelldeflorejacs.com\/wp-content\/uploads\/2015\/08\/Carrer-150x150.jpg\" class=\"attachment-thumbnail size-thumbnail\" alt=\"\" decoding=\"async\" loading=\"lazy\" \/><\/a>\n\t\t\t<\/dt><\/dl><br style=\"clear: both\" \/>\n\t\t<\/div>\n\n<p>\u00a0<\/p>","protected":false},"excerpt":{"rendered":"<p>**ACTUALITZACI\u00d3 DESEMBRE 2022: EN AQUESTS MOMENTS, CANVIS EN L&#8217;ESTRUCTURA DE LA SOCIETAT HAN FET QUE ES PAUSIN DIVERSOS ESDEVENIMENTS I ALTRES SERVEIS COM EL LLOGUER D&#8217;ESPAIS. LES VISITES SEGUEIXEN ACTIVES. LA WEB SER\u00c0 ACTUALITZADA PROPERAMENT. PER QUALSEVOL CONSULTA PODEU DIRIGIR-VOS AL CORREU DE CONTACTE: info@castelldeflorejacs.com \u00a0 Posem a la teva disposici\u00f3 tots els espais perqu\u00e8<\/p>\n","protected":false},"author":1,"featured_media":0,"parent":98,"menu_order":2,"comment_status":"closed","ping_status":"closed","template":"fullwidth.php","meta":[],"_links":{"self":[{"href":"https:\/\/www.castelldeflorejacs.com\/index.php\/wp-json\/wp\/v2\/pages\/103"}],"collection":[{"href":"https:\/\/www.castelldeflorejacs.com\/index.php\/wp-json\/wp\/v2\/pages"}],"about":[{"href":"https:\/\/www.castelldeflorejacs.com\/index.php\/wp-json\/wp\/v2\/types\/page"}],"author":[{"embeddable":true,"href":"https:\/\/www.castelldeflorejacs.com\/index.php\/wp-json\/wp\/v2\/users\/1"}],"replies":[{"embeddable":true,"href":"https:\/\/www.castelldeflorejacs.com\/index.php\/wp-json\/wp\/v2\/comments?post=103"}],"version-history":[{"count":8,"href":"https:\/\/www.castelldeflorejacs.com\/index.php\/wp-json\/wp\/v2\/pages\/103\/revisions"}],"predecessor-version":[{"id":464,"href":"https:\/\/www.castelldeflorejacs.com\/index.php\/wp-json\/wp\/v2\/pages\/103\/revisions\/464"}],"up":[{"embeddable":true,"href":"https:\/\/www.castelldeflorejacs.com\/index.php\/wp-json\/wp\/v2\/pages\/98"}],"wp:attachment":[{"href":"https:\/\/www.castelldeflorejacs.com\/index.php\/wp-json\/wp\/v2\/media?parent=103"}],"curies":[{"name":"wp","href":"https:\/\/api.w.org\/{rel}","templated":true}]}}