{"id":94,"date":"2015-08-06T08:29:08","date_gmt":"2015-08-06T06:29:08","guid":{"rendered":"http:\/\/www.castelldeflorejacs.com\/?page_id=94"},"modified":"2015-08-06T14:46:44","modified_gmt":"2015-08-06T12:46:44","slug":"historia","status":"publish","type":"page","link":"https:\/\/www.castelldeflorejacs.com\/index.php\/qui-som\/historia\/","title":{"rendered":"Hist\u00f2ria"},"content":{"rendered":"<p>Des del segle XI, el Castell de Florejacs pertany a la nostra fam\u00edlia, i aix\u00f2 ens enorgulleix i ens motiva a protegir el monument hist\u00f2ric. Ara i per primera vegada, \u00e9s una Societat Limitada (SL) de la fam\u00edlia Jaumandreu de Balanz\u00f3 i Urquijo.<\/p>\n<p>El vam heretar de la nostra mare, Rosario de Balanz\u00f3 i de Febrer, que juntament amb el nostre pare, Roberto Jaumeandreu Marim\u00f3n, van dedicar tota la seva vida a convertir-lo en un castell habitable i en un museu.<\/p>\n<p>La nostra \u00e0via, Rosario de Febrer i Sanlleh\u00ed, amb el nostre avi, Jos\u00e9 M. de Balanz\u00f3 Echevarr\u00eda, van fer la dura tasca de reconstrucci\u00f3 de l&#8217;edifici.<\/p>\n<p>Hist\u00f2ricament, el castell de Florejacs, amb el ve\u00ed castell de les Sitges, va formar part de la l\u00ednia fronterera entre el m\u00f3n \u00e0rab i el cristi\u00e0 en l&#8217;\u00e8poca de la Reconquesta i la repoblaci\u00f3 de les terres de la zona.<\/p>\n<p>La part vella del poble de Florejacs est\u00e0 tancada dins d&#8217;un recinte que segueix la forma del que va ser la muralla del castell medieval. La part que es conserva de la fortificaci\u00f3, que ocupa el sector est, on es fa m\u00e9s palesa la part atalussada del baluard, \u00e9s el conjunt format per una bella torre del segle XIV i la base de la muralla, presumiblement del segle XI, sobre el qual hi ha una casa senyorial del segle XVI.<\/p>\n<p>Durant l&#8217;Edat Mitjana, no existia el poble de Florejacs, \u00fanicament hi vivien els habitants del castell i un nombre redu\u00eft de persones al seu servei. Concretament, cap a l&#8217;any 1380, Florejacs reunia \u00fanicament quatre focs. un cop passades les necessitats defensives, cap al segle XVI, els senyors, aprofitant una \u00e8poca d&#8217;euf\u00f2ria econ\u00f2mica a causa de la valoraci\u00f3 del gra, van decidir construir, aprofitant la muralla, una gran casa amb finestres cap al camp, contigua a una de les torres existent, que van conservar com a s\u00edmbol de senyoratge, integrant-la a l&#8217;habitatge i obrint-hi una gran balconada.<\/p>\n<p>A partir d&#8217;aquell moment, van autoritzar persones de la seva confian\u00e7a a construir-hi les seves cases aprofitant la muralla. Aix\u00ed va comen\u00e7ar el desenvolupament que va portar Florejacs a convertir-se en un poble que l&#8217;any 1715 ja tenia 18 cases, i al comen\u00e7ament del segle XX, una cinquantena amb prop de 200 habitants.<\/p>\n<p>Referent al mobiliari, s&#8217;ha fet el mateix que amb l&#8217;arquitectura, s&#8217;ha acceptat el llegat de segles passats. Aix\u00ed, el recorregut per les dierents est\u00e0ncies permet contemplar mobles i objectes d&#8217;art procedents de totes les \u00e8poques a partir del segle XVI, agrupats en conjunts harm\u00f2nics i adaptats a la vida familiar, ja que no es tracta d&#8217;un museu sin\u00f3 d&#8217;una resid\u00e8ncia viva.<\/p>\n<table style=\"height: 382px;\" width=\"795\">\n<tbody>\n<tr>\n<td><img decoding=\"async\" loading=\"lazy\" class=\"alignnone wp-image-157 size-large\" src=\"https:\/\/www.castelldeflorejacs.com\/wp-content\/uploads\/2015\/08\/56ed9938692f15974f4421ed94fc2de9-e1438864953981-1024x683.jpg\" alt=\"Castell 2\" width=\"550\" height=\"367\" srcset=\"https:\/\/www.castelldeflorejacs.com\/wp-content\/uploads\/2015\/08\/56ed9938692f15974f4421ed94fc2de9-e1438864953981.jpg 1024w, https:\/\/www.castelldeflorejacs.com\/wp-content\/uploads\/2015\/08\/56ed9938692f15974f4421ed94fc2de9-e1438864953981-300x200.jpg 300w\" sizes=\"(max-width: 550px) 100vw, 550px\" \/><\/td>\n<td><a href=\"https:\/\/www.castelldeflorejacs.com\/index.php\/qui-som\/historia\/biblioteca\/\" rel=\"attachment wp-att-163\"><img decoding=\"async\" loading=\"lazy\" class=\"alignnone wp-image-163\" src=\"https:\/\/www.castelldeflorejacs.com\/wp-content\/uploads\/2015\/08\/Biblioteca.jpg\" alt=\"Biblioteca\" width=\"550\" height=\"367\" srcset=\"https:\/\/www.castelldeflorejacs.com\/wp-content\/uploads\/2015\/08\/Biblioteca.jpg 1024w, https:\/\/www.castelldeflorejacs.com\/wp-content\/uploads\/2015\/08\/Biblioteca-300x200.jpg 300w\" sizes=\"(max-width: 550px) 100vw, 550px\" \/><\/a><\/td>\n<\/tr>\n<\/tbody>\n<\/table>\n<p>&nbsp;<\/p>\n<p>&nbsp;<\/p>\n","protected":false},"excerpt":{"rendered":"<p>Des del segle XI, el Castell de Florejacs pertany a la nostra fam\u00edlia, i aix\u00f2 ens enorgulleix i ens motiva a protegir el monument hist\u00f2ric. Ara i per primera vegada, \u00e9s una Societat Limitada (SL) de la fam\u00edlia Jaumandreu de Balanz\u00f3 i Urquijo. El vam heretar de la nostra mare, Rosario de Balanz\u00f3 i de<\/p>\n","protected":false},"author":1,"featured_media":0,"parent":91,"menu_order":1,"comment_status":"closed","ping_status":"closed","template":"fullwidth.php","meta":[],"_links":{"self":[{"href":"https:\/\/www.castelldeflorejacs.com\/index.php\/wp-json\/wp\/v2\/pages\/94"}],"collection":[{"href":"https:\/\/www.castelldeflorejacs.com\/index.php\/wp-json\/wp\/v2\/pages"}],"about":[{"href":"https:\/\/www.castelldeflorejacs.com\/index.php\/wp-json\/wp\/v2\/types\/page"}],"author":[{"embeddable":true,"href":"https:\/\/www.castelldeflorejacs.com\/index.php\/wp-json\/wp\/v2\/users\/1"}],"replies":[{"embeddable":true,"href":"https:\/\/www.castelldeflorejacs.com\/index.php\/wp-json\/wp\/v2\/comments?post=94"}],"version-history":[{"count":17,"href":"https:\/\/www.castelldeflorejacs.com\/index.php\/wp-json\/wp\/v2\/pages\/94\/revisions"}],"predecessor-version":[{"id":175,"href":"https:\/\/www.castelldeflorejacs.com\/index.php\/wp-json\/wp\/v2\/pages\/94\/revisions\/175"}],"up":[{"embeddable":true,"href":"https:\/\/www.castelldeflorejacs.com\/index.php\/wp-json\/wp\/v2\/pages\/91"}],"wp:attachment":[{"href":"https:\/\/www.castelldeflorejacs.com\/index.php\/wp-json\/wp\/v2\/media?parent=94"}],"curies":[{"name":"wp","href":"https:\/\/api.w.org\/{rel}","templated":true}]}}

Història

<p>Des del segle XI, el Castell de Florejacs pertany a la nostra família, i això ens enorgulleix i ens motiva a protegir el monument històric. Ara i per primera vegada, és una Societat Limitada (SL) de la família Jaumandreu de Balanzó i Urquijo.</p>
<p>El vam heretar de la nostra mare, Rosario de Balanzó i de Febrer, que juntament amb el nostre pare, Roberto Jaumeandreu Marimón, van dedicar tota la seva vida a convertir-lo en un castell habitable i en un museu.</p>
<p>La nostra àvia, Rosario de Febrer i Sanllehí, amb el nostre avi, José M. de Balanzó Echevarría, van fer la dura tasca de reconstrucció de l&#8217;edifici.</p>
<p>Històricament, el castell de Florejacs, amb el veí castell de les Sitges, va formar part de la línia fronterera entre el món àrab i el cristià en l&#8217;època de la Reconquesta i la repoblació de les terres de la zona.</p>
<p>La part vella del poble de Florejacs està tancada dins d&#8217;un recinte que segueix la forma del que va ser la muralla del castell medieval. La part que es conserva de la fortificació, que ocupa el sector est, on es fa més palesa la part atalussada del baluard, és el conjunt format per una bella torre del segle XIV i la base de la muralla, presumiblement del segle XI, sobre el qual hi ha una casa senyorial del segle XVI.</p>
<p>Durant l&#8217;Edat Mitjana, no existia el poble de Florejacs, únicament hi vivien els habitants del castell i un nombre reduït de persones al seu servei. Concretament, cap a l&#8217;any 1380, Florejacs reunia únicament quatre focs. un cop passades les necessitats defensives, cap al segle XVI, els senyors, aprofitant una època d&#8217;eufòria econòmica a causa de la valoració del gra, van decidir construir, aprofitant la muralla, una gran casa amb finestres cap al camp, contigua a una de les torres existent, que van conservar com a símbol de senyoratge, integrant-la a l&#8217;habitatge i obrint-hi una gran balconada.</p>
<p>A partir d&#8217;aquell moment, van autoritzar persones de la seva confiança a construir-hi les seves cases aprofitant la muralla. Així va començar el desenvolupament que va portar Florejacs a convertir-se en un poble que l&#8217;any 1715 ja tenia 18 cases, i al començament del segle XX, una cinquantena amb prop de 200 habitants.</p>
<p>Referent al mobiliari, s&#8217;ha fet el mateix que amb l&#8217;arquitectura, s&#8217;ha acceptat el llegat de segles passats. Així, el recorregut per les dierents estàncies permet contemplar mobles i objectes d&#8217;art procedents de totes les èpoques a partir del segle XVI, agrupats en conjunts harmònics i adaptats a la vida familiar, ja que no es tracta d&#8217;un museu sinó d&#8217;una residència viva.</p>
<table style="height: 382px;" width="795">
<tbody>
<tr>
<td><img decoding="async" loading="lazy" class="alignnone wp-image-157 size-large" src="https://www.castelldeflorejacs.com/wp-content/uploads/2015/08/56ed9938692f15974f4421ed94fc2de9-e1438864953981-1024x683.jpg" alt="Castell 2" width="550" height="367" srcset="https://www.castelldeflorejacs.com/wp-content/uploads/2015/08/56ed9938692f15974f4421ed94fc2de9-e1438864953981.jpg 1024w, https://www.castelldeflorejacs.com/wp-content/uploads/2015/08/56ed9938692f15974f4421ed94fc2de9-e1438864953981-300x200.jpg 300w" sizes="(max-width: 550px) 100vw, 550px" /></td>
<td><a href="https://www.castelldeflorejacs.com/index.php/qui-som/historia/biblioteca/" rel="attachment wp-att-163"><img decoding="async" loading="lazy" class="alignnone wp-image-163" src="https://www.castelldeflorejacs.com/wp-content/uploads/2015/08/Biblioteca.jpg" alt="Biblioteca" width="550" height="367" srcset="https://www.castelldeflorejacs.com/wp-content/uploads/2015/08/Biblioteca.jpg 1024w, https://www.castelldeflorejacs.com/wp-content/uploads/2015/08/Biblioteca-300x200.jpg 300w" sizes="(max-width: 550px) 100vw, 550px" /></a></td>
</tr>
</tbody>
</table>
<p>&nbsp;</p>
<p>&nbsp;</p>

<p>Des del segle XI, el Castell de Florejacs pertany a la nostra família, i això ens enorgulleix i ens motiva a protegir el monument històric. Ara i per primera vegada, és una Societat Limitada (SL) de la família Jaumandreu de Balanzó i Urquijo. El vam heretar de la nostra mare, Rosario de Balanzó i de</p>
