{"id":98,"date":"2015-08-06T08:29:54","date_gmt":"2015-08-06T06:29:54","guid":{"rendered":"http:\/\/www.castelldeflorejacs.com\/?page_id=98"},"modified":"2022-12-04T23:14:23","modified_gmt":"2022-12-04T21:14:23","slug":"serveis","status":"publish","type":"page","link":"https:\/\/www.castelldeflorejacs.com\/index.php\/serveis\/","title":{"rendered":"Serveis"},"content":{"rendered":"\n<p>El Castell de Florejacs \u00e9s una opci\u00f3 plena de serveis a la teva disposici\u00f3. No et perdis la visita guiada. Pregunta pels nostres preus per al lloguer d&#8217;espais per a usos diversos. <strong>Vine i queda&#8217;t a gaudir de la desconnexi\u00f3! Ens adaptem a les teves necessitats i al teu pressupost.<\/strong><\/p>\n\n\n\n<p>**<strong>ACTUALITZACI\u00d3 DESEMBRE 2022:<\/strong> EN AQUESTS MOMENTS, CANVIS EN L&#8217;ESTRUCTURA DE LA SOCIETAT HAN FET QUE ES PAUSIN DIVERSOS ESDEVENIMENTS I ALTRES SERVEIS COM EL LLOGUER D&#8217;ESPAIS. <strong>LES VISITES SEGUEIXEN ACTIVES.<\/strong> LA WEB SER\u00c0 ACTUALITZADA PROPERAMENT.<\/p>\n\n\n\n<p>PER QUALSEVOL CONSULTA PODEU DIRIGIR-VOS AL CORREU DE CONTACTE: info@castelldeflorejacs.com<\/p>\n\n\n\n<figure class=\"wp-block-table\"><table><tbody><tr><td><a href=\"https:\/\/www.castelldeflorejacs.com\/index.php\/serveis\/visites\" rel=\"attachment wp-att-201\"><img decoding=\"async\" loading=\"lazy\" class=\"alignnone wp-image-201 size-medium\" src=\"https:\/\/www.castelldeflorejacs.com\/wp-content\/uploads\/2015\/08\/Castell-de-Florejacs-300x225.jpg\" alt=\"Castell de Florejacs\" width=\"300\" height=\"225\" srcset=\"https:\/\/www.castelldeflorejacs.com\/wp-content\/uploads\/2015\/08\/Castell-de-Florejacs-300x225.jpg 300w, https:\/\/www.castelldeflorejacs.com\/wp-content\/uploads\/2015\/08\/Castell-de-Florejacs.jpg 1024w\" sizes=\"(max-width: 300px) 100vw, 300px\" \/><\/a>\n<p>&nbsp;<\/p>\n<p>VISITES<\/p>\n<\/td><td><a href=\"https:\/\/www.castelldeflorejacs.com\/index.php\/serveis\/espais\" rel=\"attachment wp-att-32\"><img decoding=\"async\" loading=\"lazy\" class=\"alignnone wp-image-207 size-medium\" src=\"https:\/\/www.castelldeflorejacs.com\/wp-content\/uploads\/2015\/08\/Jard\u00ed-300x225.jpg\" alt=\"\" width=\"300\" height=\"225\" srcset=\"https:\/\/www.castelldeflorejacs.com\/wp-content\/uploads\/2015\/08\/Jard\u00ed-300x225.jpg 300w, https:\/\/www.castelldeflorejacs.com\/wp-content\/uploads\/2015\/08\/Jard\u00ed.jpg 1024w\" sizes=\"(max-width: 300px) 100vw, 300px\" \/><\/a>\n<p>&nbsp;<\/p>\n<p>ESPAIS<\/p>\n<\/td><td>&nbsp;<\/td><\/tr><\/tbody><\/table><\/figure>\n","protected":false},"excerpt":{"rendered":"<p>El Castell de Florejacs \u00e9s una opci\u00f3 plena de serveis a la teva disposici\u00f3. No et perdis la visita guiada. Pregunta pels nostres preus per al lloguer d&#8217;espais per a usos diversos. Vine i queda&#8217;t a gaudir de la desconnexi\u00f3! Ens adaptem a les teves necessitats i al teu pressupost. **ACTUALITZACI\u00d3 DESEMBRE 2022: EN AQUESTS<\/p>\n","protected":false},"author":1,"featured_media":0,"parent":0,"menu_order":2,"comment_status":"closed","ping_status":"closed","template":"fullwidth.php","meta":[],"_links":{"self":[{"href":"https:\/\/www.castelldeflorejacs.com\/index.php\/wp-json\/wp\/v2\/pages\/98"}],"collection":[{"href":"https:\/\/www.castelldeflorejacs.com\/index.php\/wp-json\/wp\/v2\/pages"}],"about":[{"href":"https:\/\/www.castelldeflorejacs.com\/index.php\/wp-json\/wp\/v2\/types\/page"}],"author":[{"embeddable":true,"href":"https:\/\/www.castelldeflorejacs.com\/index.php\/wp-json\/wp\/v2\/users\/1"}],"replies":[{"embeddable":true,"href":"https:\/\/www.castelldeflorejacs.com\/index.php\/wp-json\/wp\/v2\/comments?post=98"}],"version-history":[{"count":15,"href":"https:\/\/www.castelldeflorejacs.com\/index.php\/wp-json\/wp\/v2\/pages\/98\/revisions"}],"predecessor-version":[{"id":459,"href":"https:\/\/www.castelldeflorejacs.com\/index.php\/wp-json\/wp\/v2\/pages\/98\/revisions\/459"}],"wp:attachment":[{"href":"https:\/\/www.castelldeflorejacs.com\/index.php\/wp-json\/wp\/v2\/media?parent=98"}],"curies":[{"name":"wp","href":"https:\/\/api.w.org\/{rel}","templated":true}]}}